+ -5 + (52 - 53)?
-6
What is the value of 0 + 0 + 3 - (-3 - -4)?
2
What is the value of -8 + (-2 - (-2 - (7 - 2)))?
-3
Evaluate -3 - (-10 + 5 + 6).
-4
(6 - (6 + 2)) + -4
-6
Evaluate -1 + -6 + 8 + (-5 - -2).
-2
-9 - -1 - (-2 - 2)
-4
Evaluate (-52 - -45) + 0 + 0.
-7
7 - (-3 + -3 + 11)
2
Calculate 1 - (7 - (-10 - -9)).
-7
What is the value of (-5 - -16) + -2 - 4 - -1?
6
What is the value of -4 + (-8 - (-7 + -6))?
1
4 - 3 - (-5 + 4 + 0)
2
What is 5 + 3 + -9 - -5 - -2?
6
Evaluate 3 + -5 + 0 - (-1 + 0).
-1
-4 - (2 + -2) - (10 - 9)
-5
Calculate 15 - 20 - (4 + -3).
-6
Evaluate 44 + -46 - (0 + -1 + -1).
0
What is (5 - (-1 - -5)) + -8 - -3?
-4
What is the value of -5 + -1 - (-1 + 0)?
-5
Evaluate 4 + (-4 - (-1 + 1)).
0
Calculate 12 - (5 - (2 - (9 + -5))).
5
Calculate -2 + -1 - (-9 - -11).
-5
Calculate 1 + 4 + -7 - (-1 - -1).
-2
What is the value of 1 + 3 - (2 + (-7 - -6))?
3
Evaluate -7 - (-9 + (2 - 8)).
8
Calculate -3 - -3 - (-1 - -5).
-4
Calculate (-1 - 8) + (-5 - -10).
-4
What is 8 + 8 + -3 + 0 + -4?
9
-1 + -6 + -7 + 5
-9
Evaluate 0 + (2 - 4) - (4 + -3).
-3
Calculate 0 + (4 - 1 - 0) - 2.
1
What is the value of 1 + (1 + 5 - (30 + -20))?
-3
What is (8 - -5) + -2 + -5 + -16?
-10
Calculate (-7 - 1) + (-10 - -14) + -1.
-5
Calculate 2 + 2 + -2 + 6.
8
What is the value of 12 + 3 + -11 + 0 + -1?
3
What is (-3 - -8) + -1 + -12 + 3?
-5
What is the value of 6 - (-4 - (5 - (-6 - -16)))?
5
6 + -5 - 2 - (-2 + 7)
-6
Evaluate (-3 - 1) + (-4 - 6 - -6).
-8
What is the value of 6 - (-5 - (-7 + 0))?
4
-9 + 17 + -8 + -5
-5
Calculate 4 + (-1 + 6 + -2 - 2).
5
What is 4 + 0 + -2 - (1 + 4)?
-3
What is 2 + (0 - 1) + (-7 - -1)?
-5
What is 12 + -15 + (-6 - 0)?
-9
What is -1 + -14 + 8 + 2?
-5
(4 + -3 - 6) + 1
-4
What is the value of 2 - (-2 + (-10 - -5))?
9
What is the value of -6 + (6 - 0 - 6) + 14?
8
Calculate -5 + 2 - (-1 + -6).
4
Evaluate (-3 - -6) + -5 - (3 - 1).
-4
Evaluate (1 - 2) + -19 + 9.
-11
Calculate 6 + (-5 - (5 - -1)).
-5
(2 - 6) + (-2 - -7)
1
Calculate 5 + -1 + (21 - 17).
8
What is the value of -5 + 1 - 1 - -2?
-3
Evaluate 1 - (5 - (0 - (1 - 2))).
-3
Calculate -6 - (-6 + (-5 - -7)).
-2
Evaluate (3 - 1) + (51 - 49).
4
What is 9 - 7 - ((-3 - -8) + -1)?
-2
0 + -8 + 12 - 7
-3
What is the value of (0 - (-2 - (0 + -1))) + -6?
-5
(109 - 99) + (-6 - -1)
5
(0 - (-3 + 2)) + -2
-1
Evaluate (-9 - (-12 - -8)) + -3.
-8
1 + (-1 - 3) + -3 + 6
0
Evaluate (-4 - (-6 - -12)) + 7.
-3
Calculate (1 - 0 - -2) + -1.
2
What is (-13 + 7 - -11) + -11?
-6
What is (6 - 5) + 0 + -4?
-3
What is -8 + 5 + (2 + 3 - 1)?
1
1 + (4 - (6 - (4 - 4)))
-1
-6 - (3 - (-2 + 11 - 2))
-2
(2 - (0 - (6 + -6))) + 1
3
What is 2 + -3 + (5 - 3) - 1?
0
Calculate 7 + 9 + -27 + 7.
-4
What is -1 + -5 + (-4 - -6)?
-4
Evaluate 10 - (-12 - -15) - 16.
-9
Calculate 7 + -12 + 8 + 1.
4
6 - (11 + -6 + (0 - -2))
-1
What is the value of -5 + -3 + 11 + 4?
7
What is -3 + -1 - -4 - (4 + -1)?
-3
3 + (0 - (2 + 1))
0
Evaluate -7 - -3 - (-6 - 1).
3
Evaluate 7 + (1 - (8 + -5)).
5
Evaluate 18 - 25 - (-4 - 1).
-2
What is -1 + -1 + -17 + 21?
2
What is the value of 3 + -3 - (-6 - (2 + -6))?
2
What is the value of (0 - 2) + (-116 - -125)?
7
Calculate -2 + 9 + (2 - 3).
6
What is the value of 19 - (4 + (10 - 3))?
8
What is the value of (-2 - 1) + 3 + (0 - -6)?
6
12 - (0 + 6) - 10
-4
Calculate 7 - 19 - -10 - -8.
6
Evaluate 0 - (-6 - -4 - -3).
-1
-2 - ((6 - 1) + (-12 - 1))
6
Calculate (-46 - -53) + -4 + 1.
4
What is -4 - (7 - (2 + 5))?
-4
(-19 - -15) + (-1 - 0)
-5
Calculate 5 + (-5 - 4) - (1 + -5).
0
Calculate 5 + -6 + (7 - 2).
4
What is the value of -5 - (-4 + (-1 - 5) + 3)?
2
Calculate -7 - ((6 - 10) + -2 + 2).
-3
What is -2 + 5 - (-8 + 13 - 7)?
5
What is 7 + (8 + -4 - 10)?
1
What is the value of -3 - (-3 + 5 + -3 + 0)?
-2
4 + (0 + 2 - 5) - -4
5
What is 0 - (8 + 0 + -5)?
-3
0 - ((0 - -4) + 0) - -4
0
What is 7 - (7 - (-6 + 10))?
4
What is 2 - 14 - (-11 - (3 + -9))?
-7
Calculate 6 - 3 - (4 + -4 + 4).
-1
(1 - 1) + -5 - 0
-5
9 - (-8 + 1 + 11)
5
What is 2 + (4 - (3 - -1)) + -3?
-1
What is -1 + (-16 - -8) - -12?
3
What is (4 - (7 + -5)) + -7?
-5
What is 10 - (-6 + 6 - -5) - 4?
1
What is the value of -5 + -1 + 16 - 5?
5
Evaluate (-6 - 3) + -1 + 7 + -1.
-4
Evaluate (-16 - -2) + (9 - 1).
-6
27 + -27 + (3 - (3 - 2))
2
4 - (-4 + (11 - 2))
-1
Calculate 2 - ((3 - 9) + 3).
5
Evaluate (7 - -3 - 8) + -8 + 16.
10
6 - (4 + (-2 - (5 + -6)))
3
What is 10 + 7 + -23 + 3?
-3
What is -14 + 12 + 1 - 4?
-5
-5 + 6 + -2 - 2
-3
2 + 2 - (13 + -4)
-5
Evaluate 6 + -3 + (3 - (0 - -1)).
5
Evaluate 1 + -3 + (2 - -5).
5
What is the value of (0 - (-1 - -2)) + (-5 - -8)?
2
1 + -3 + 1 - (1 - -3)
-5
What is 1 + (4 - 12) + 8?
1
What is the value of 5 - 1 - (-27 + 36)?
-5
What is the value of 1 + (-2 - -2) - (1 + 2)?
-2
4 - 4 - 0 - 0
0
What is 1 + 6 - (55 + -49)?
1
7 + 4 + (-6 + 6 - 5)
6
What is the value of 0 + 1 + 0 - (5 + -1)?
-3
What is the value of 12 + 13 + -35 + 12?
2
What is the value of 3 + (-1 - (-1 - -1))?
2
What is 2 - (2 + 2) - (0 + -1)?
-1
Evaluate -1 + 4 - (1 - -2) - -5.
5
Calculate 2 - (3 - (-6 + -1 + 4)).
-4
What is 21 + -25 - (7 - 0)?
-11
(2 - 2) + 1 + 10 + -11
0
Evaluate 9 - 14 - -7 - 7.
-5
What is the value of -6 + 2 + (6 - (2 - 2))?
2
Evaluate (-117 - -125) + (-1 + 0 - 4).
3
What is the value of (21 - 20) + (1 - 1) + -7?
-6
Calculate -11 + 4 + 3 + -1 + 0.
-5
Calculate 4 - ((-4 + 12 - 5) + -6).
7
Calculate 0 - (-1 + 4 + -2).
-1
What is the value of 1 - (-3 - -3 - 0)?
1
Evaluate (0 - -3) + (-2 - -2).
3
What is -4 + 1 + (5 - 2)?
0
Calculate -3 + 3 + -15 + 4.
-11
Calculate (7 - 9) + (-2 - -5) + 0.
1
-2 + (-9 - -5 - -9)
3
Evaluate 1 - (4 + (6 - (1 - -2))).
-6
Evaluate 16 - 18 - (5 + -2).
-5
What is the value of -2 + 4 - (7 + -6)?
1
What is 5 + -1 + -2 + 0?
2
What is 2 + ((6 - 13) + 5 - 0)?
0
What is the value of -24 + 26 + 1 + 3?
6
Evaluate 0 + (6 - 10 - -6).
2
Evaluate (4 + -2 - 5 - -1) + -2.
-4
What is -10 + 13 + (-1 - (1 + -1))?
2
Evaluate -1 - (-3 + 4 + 3) - -1.
-4
(-1 - 0) + 3 + 1
3
1 + (12 - 23 - -7)
-3
Evaluate 1 + -4 - (5 + (-17 - -7)).
2
What is (4 - 6) + -2 - (-8 + 5)?
-1
4 - (-8 + 7 + 3)
2
What is the value of 0 - 18 - -11 - -5?
-2
What is 2 + (14 + -1 - 8)?
7
-14 - (-12 + -5 - -9)
-6
(2 - (-2 + -2 - -3)) + -5
-2
What is the value of -4 + (3 - -3 - -1)?
3
Calculate -5 - (-4 + -2 + 2).
-1
Evaluate 3 + 1 + (-5 - -6).
5
What is -4 + -6 + 3 + 4 - 2?
-5
Calculate (1 - -16) + -19 + 0 + 1.
-1
What is -4 + (1 + 4 + -5 - -2)?
-2
What is the value of 1 + -4 + -2 + 0 - 0?
-5
What is (0 - (0 - -2)) + -2?
-4
What is the value of -7 - (-2 - 2 - 4)?
1
What is 8 - (-2 + (-2 - -10) + -2)?
4
Evaluate 0 + (-12 - (5 + -4) - -6).
-7
What is the value of 7 - (3 - (9 + -11))?
2
Calculate 4 - -2 - (-4 - -3).
7
What is (0 - (-1 + 1)) + 2?
2
What is the value of 1 + 2 - 6 - -11?
8
Evaluate 3 - (10 - 4 - -1).
-4
What is the value of 8 + -8 + 2 + -6?
-4
Evaluate 6 + (-7 - -8 - (2 - -4)).
1
Calculate 15 + -24 + 4 - -5.
0
What is the value of 14 + -19 + 6 - (3 - -1)?
-3
What is the value of -4 + 3 - -1 - 2 - 0?
-2
What is the value of (10 - (2 - (2 + 0))) + -5?
5
What is 0 + (-1 - (-2 + 2))?
-1
-4 - (2 + -1 + (6 - 15))
4
What is -5 - (3 + 0 + -12)?
4
-3 + (13 - (6 - -2)) + -12
-10
Evaluate 0 - (-5 + -3 + 17).
-9
Evaluate (-5 - -2) + 16 + 6 + -13.
6
What is -9 - (11 - (24 - 13))?
-9
What is 1 + -2 + (6 - (-5 + 15))?
-5
Calculate (26 - 23) + (-3 - 0 - 0).
0
Calculate (2 - (-1 - 1)) + 0 + -3.
1
What is (0 - 3 - -2) + 3?
2
Calculate (1 - 2) + -52 + 60.
7
Evaluate 7 - 2 - (27 + -18).
-4
Calculate -3 + (2 - 2) + -1.
-4
What is the value of (3 - (3 + -3)) + -2 + 0?
1
Evaluate 4 - (2 + 0 - 2).
4
Evaluate (-6 - (-4 + 1)) + (-1 - -3).
-1
3 + (3 - (2 - -4) - -2)
2
Evaluate (-2 - -2) + -3 + 0.
-3
Calculate 5 - (-9 + (6 - -3)).
5
What is 172 + -174 - (-1 - 5)?
4
4 - 1 - (-2 + (-5 - -9))
1
Calculate 2 - (-4 + 4 - 2).
4
What is the value of 13 + -10 + (1 - 2)?
2
What is 16 + -21 - (-3 + 1) - -2?
-1
Calculate 4 + -1 - (2 - -4).
-3
Evaluate 5 - (3 + -3 + 3 + -2).
4
What is -9 + 13 + (-4 - 0)?
0
Calculate -17 + 10 + 1 + 6.
0
What is the value of -2 + -2 + -4 + 6?
-2
What is the value of 2 + 0 - ((5 - 3) + -4)?
4
Evaluate -1 - (-4 + 7 + -3).
-1
What is (-3 - (2 - 7)) + -4?
-2
Evaluate -2 + (-3 - (1 + -4)).
-2
What is 1 - (-6 - (1 + -5))?
3
-4 - ((2 - 2) + -8)
4
Evaluate -13 + 0 + 2 - (-7 + 3).
-7
(14 - 1